{"id":406,"date":"2014-04-10T18:08:49","date_gmt":"2014-04-10T16:08:49","guid":{"rendered":"http:\/\/cpartajona.educacion.navarra.es\/web\/?page_id=406"},"modified":"2023-07-04T14:01:02","modified_gmt":"2023-07-04T12:01:02","slug":"descripcion-del-centro","status":"publish","type":"page","link":"https:\/\/cpartajona.educacion.navarra.es\/web\/informacion-general\/descripcion-del-centro\/","title":{"rendered":"DESCRIPCI\u00d3N DEL CENTRO"},"content":{"rendered":"<p>El Colegio P\u00fablico \u201cUrraca Reina\u201d de Artajona est\u00e1 ubicado en un pueblo de <strong>1.700 habitantes<\/strong> a treinta kil\u00f3metros de la capital (Pamplona).<\/p>\n<p>Su direcci\u00f3n es Avenida constituci\u00f3n, n\u00ba 6<\/p>\n<p>Casi la totalidad de la poblaci\u00f3n vive en <strong>viviendas unifamiliares<\/strong>, encontr\u00e1ndose tambi\u00e9n bloques de pisos y algunos chalets diseminados. Las viviendas de los ni\u00f1os m\u00e1s lejanos se encuentran a una distancia de unos 800 m. por lo que el trayecto se realiza a pie o en veh\u00edculo propio y <strong>no existe, por tanto, transporte escolar. <\/strong><\/p>\n<p>Es un centro p\u00fablico, dependiente del Gobierno de Navarra que acoge los niveles de <strong>2\u00ba ciclo de<\/strong> <strong>Educaci\u00f3n Infantil y Primaria (3-12 a\u00f1os)<\/strong>.<\/p>\n<p>En el centro, en el curso vigente, hay <strong>125 alumnos<\/strong> que son atendidos en <strong>9 aulas<\/strong>. Por tanto, la ratio es de 14 alumnos por aula. Se distribuyen por <strong>niveles<\/strong> desde 1\u00ba de E. Infantil a 6\u00aa de Primaria, cada uno con su profesor\/a tutor\/a. En los cursos donde se ha implantado el PAI, existen las cotutor\u00edas.<\/p>\n<p><a href=\"http:\/\/cpartajona.educacion.navarra.es\/web\/wp-content\/uploads\/2014\/04\/2014-03-13-15.56.51.jpg\"><img loading=\"lazy\" class=\"alignnone size-medium wp-image-412\" src=\"http:\/\/cpartajona.educacion.navarra.es\/web\/wp-content\/uploads\/2014\/04\/2014-03-13-15.56.51-300x225.jpg\" alt=\"OLYMPUS DIGITAL CAMERA\" width=\"300\" height=\"225\" srcset=\"https:\/\/cpartajona.educacion.navarra.es\/web\/wp-content\/uploads\/2014\/04\/2014-03-13-15.56.51-300x225.jpg 300w, https:\/\/cpartajona.educacion.navarra.es\/web\/wp-content\/uploads\/2014\/04\/2014-03-13-15.56.51-1024x768.jpg 1024w\" sizes=\"(max-width: 300px) 100vw, 300px\" \/><\/a><\/p>\n<p>.<strong>Instalaciones:<\/strong><\/p>\n<p>4 AULAS DE EDUCACI\u00d3N INFANTIL: se dispone de juegos para el desarrollo de las capacidades que en dicha etapa se plantean. Tres de ellas se utilizan para el desarrollo de las clases y la m\u00e1s grande es multiusos (fisioterapia, talleres, charlas\u2026)<br \/>\n6 AULAS DE EDUCACI\u00d3N PRIMARIA: est\u00e1n equipadas con materiales apropiados a su nivel y caracter\u00edsticas. Se dispone de pizarra digital en 4 de ellas.<br \/>\nAULA DE M\u00daSICA Y TALLER: una misma aula dividida con un biombo. En el aula de m\u00fasica hay pizarra digital. Hay un horario de utilizaci\u00f3n para el tiempo que no hay clase de m\u00fasica. El taller dispone de tres tableros grandes para trabajar en actividades art\u00edsticas.<br \/>\nSALA DE INFORM\u00c1TICA: est\u00e1 equipada con 11 ordenadores nuevos y 5 antiguos. Hay un horario de utilizaci\u00f3n.<br \/>\nBIBLIOTECA: Se han dispuesto los materiales (libros, estanter\u00edas, alfombra\u2026) por rincones, colocando mesas y sillas para los posibles trabajos en equipos, intentando darle un sentido distendido y acogedor para que los alumnos fomenten el gusto por la lectura.<br \/>\nEl resto de los libros est\u00e1n colocados en estanter\u00edas, ordenadas por temas. Se ha elaborado un horario para que cada curso acuda como m\u00ednimo una vez a la semana (sesi\u00f3n de lectura).<br \/>\nFuera de los horarios de biblioteca se utiliza como Aula de V\u00eddeo y DVD.<br \/>\nAULA DE INGL\u00c9S y AULA DE EUSKERA: en ellas est\u00e1n instalados los materiales y medios que frecuentemente se utilizan para el aprendizaje del idioma: un ca\u00f1\u00f3n, equipo de m\u00fasica, murales&#8230;<br \/>\nEL GIMNASIO: es amplio, de madera, con espalderas, cuerdas de trepas, y otro tipo de aparatos que se requieren para la clase de Educaci\u00f3n F\u00edsica. El resto de los materiales est\u00e1n organizados y guardados en un cuarto contiguo.<br \/>\nDebido a la amplitud de dicha sala, la mayor\u00eda de las actividades que realizamos conjuntamente en la escuela (celebraci\u00f3n de carnaval, etc.) se llevan a cabo all\u00ed. Tambi\u00e9n actividades planificadas por la APYMA o Ayuntamiento: teatros, gimnasia, baile, yoga\u2026<br \/>\nLOS PATIOS: el colegio disfruta de unos patios amplios, y bien distribuidos que invitan al recreo y juego de los alumnos. Est\u00e1n repartidos por zonas: Infantil y Primaria.<br \/>\nLa zona dedicada a Primaria est\u00e1 repartida en dos campos para la pr\u00e1ctica del deporte, de tal manera que los alumnos tienen un calendario semanal para que puedan disfrutar todos los cursos de dichos campos. Existen tambi\u00e9n dos porches que en los d\u00edas de lluvia permite salir al exterior.<br \/>\nDESPACHOS: en la parte de la entrada del edificio se encuentra el despacho del director, despacho de profesores, secretar\u00eda, cuarto del material y tres clases que utilizan las profesoras de apoyo y la logopeda.<a href=\"http:\/\/cpartajona.educacion.navarra.es\/web\/wp-content\/uploads\/2014\/04\/2014-03-13-15.59.03.jpg\"><br \/>\n<\/a><\/p>\n<p><a href=\"http:\/\/cpartajona.educacion.navarra.es\/web\/wp-content\/uploads\/2014\/04\/2014-03-13-16.04.24-1600x1200.jpg\"><img loading=\"lazy\" class=\"alignnone size-medium wp-image-433\" src=\"http:\/\/cpartajona.educacion.navarra.es\/web\/wp-content\/uploads\/2014\/04\/2014-03-13-16.04.24-1600x1200-300x225.jpg\" alt=\"OLYMPUS DIGITAL CAMERA\" width=\"300\" height=\"225\" srcset=\"https:\/\/cpartajona.educacion.navarra.es\/web\/wp-content\/uploads\/2014\/04\/2014-03-13-16.04.24-1600x1200-300x225.jpg 300w, https:\/\/cpartajona.educacion.navarra.es\/web\/wp-content\/uploads\/2014\/04\/2014-03-13-16.04.24-1600x1200.jpg 800w\" sizes=\"(max-width: 300px) 100vw, 300px\" \/><\/a><\/p>\n<h4><\/h4>\n<p><strong>Recursos humanos<\/strong><\/p>\n<p>En la actualidad el profesorado que consta en el Centro es el siguiente:<\/p>\n<p>2 Maestras Educaci\u00f3n Infantil castellano<br \/>\n2 Maestras educaci\u00f3n Infantil PAI<br \/>\n6 Maestros Educaci\u00f3n Primaria castellano<br \/>\n2 Maestras Educaci\u00f3n Primaria PAI<br \/>\n1 Especialista de E. F\u00edsica<br \/>\n1 Especialista de euskera<br \/>\n1 Especialista de pedagog\u00eda terap\u00e9utica<br \/>\n1 Especialista de Religi\u00f3n<br \/>\n1 Orientadora (Pertenece al IES de Tafalla)<br \/>\n1 Especialista de m\u00fasica , itinera a CP Larraga<br \/>\n1 Especialista en ALconperfil\u00a0 C1euskera<a href=\"http:\/\/cpartajona.educacion.navarra.es\/web\/wp-content\/uploads\/2014\/04\/2014-03-13-16.11.29-1600x1200.jpg\"><img loading=\"lazy\" class=\"wp-image-415 aligncenter\" src=\"http:\/\/cpartajona.educacion.navarra.es\/web\/wp-content\/uploads\/2014\/04\/2014-03-13-16.11.29-1600x1200-300x225.jpg\" alt=\"OLYMPUS DIGITAL CAMERA\" width=\"180\" height=\"135\" srcset=\"https:\/\/cpartajona.educacion.navarra.es\/web\/wp-content\/uploads\/2014\/04\/2014-03-13-16.11.29-1600x1200-300x225.jpg 300w, https:\/\/cpartajona.educacion.navarra.es\/web\/wp-content\/uploads\/2014\/04\/2014-03-13-16.11.29-1600x1200.jpg 800w\" sizes=\"(max-width: 180px) 100vw, 180px\" \/><\/a><br \/>\nLa lengua usual de comunicaci\u00f3n es el castellano. En este centro est\u00e1 implantado desde el curso 95-96 el Modelo A (Euskera como asignatura) y desde el a\u00f1o 2012\/2013 es un centro PAI.<\/p>\n<p>En conclusi\u00f3n, la escuela dispone de espacios que podr\u00edan utilizarse para otras actividades de ocio educativo tuteladas por los propios profesores que est\u00e1n acostumbrados al uso de estas instalaciones y material.<\/p>\n<p><a href=\"http:\/\/cpartajona.educacion.navarra.es\/web\/wp-content\/uploads\/2014\/04\/2014-03-13-16.40.10-1600x1200.jpg\"><img loading=\"lazy\" class=\"alignnone wp-image-416\" src=\"http:\/\/cpartajona.educacion.navarra.es\/web\/wp-content\/uploads\/2014\/04\/2014-03-13-16.40.10-1600x1200-300x225.jpg\" alt=\"OLYMPUS DIGITAL CAMERA\" width=\"180\" height=\"135\" srcset=\"https:\/\/cpartajona.educacion.navarra.es\/web\/wp-content\/uploads\/2014\/04\/2014-03-13-16.40.10-1600x1200-300x225.jpg 300w, https:\/\/cpartajona.educacion.navarra.es\/web\/wp-content\/uploads\/2014\/04\/2014-03-13-16.40.10-1600x1200.jpg 800w\" sizes=\"(max-width: 180px) 100vw, 180px\" \/><\/a><\/p>\n<p><object width=\"288\" height=\"192\" classid=\"clsid:d27cdb6e-ae6d-11cf-96b8-444553540000\" codebase=\"http:\/\/download.macromedia.com\/pub\/shockwave\/cabs\/flash\/swflash.cab#version=6,0,40,0\"><param name=\"src\" value=\"https:\/\/photos.gstatic.com\/media\/slideshow.swf\" \/><param name=\"flashvars\" value=\"host=picasaweb.google.com&amp;hl=es&amp;feat=flashalbum&amp;RGB=0x000000&amp;feed=https%3A%2F%2Fpicasaweb.google.com%2Fdata%2Ffeed%2Fapi%2Fuser%2F112367023481223762967%2Falbumid%2F5999247618187860001%3Falt%3Drss%26kind%3Dphoto%26authkey%3DGv1sRgCJTx9KuIsret4gE%26hl%3Des\" \/><param name=\"pluginspage\" value=\"http:\/\/www.macromedia.com\/go\/getflashplayer\" \/><embed width=\"288\" height=\"192\" type=\"application\/x-shockwave-flash\" src=\"https:\/\/photos.gstatic.com\/media\/slideshow.swf\" flashvars=\"host=picasaweb.google.com&amp;hl=es&amp;feat=flashalbum&amp;RGB=0x000000&amp;feed=https%3A%2F%2Fpicasaweb.google.com%2Fdata%2Ffeed%2Fapi%2Fuser%2F112367023481223762967%2Falbumid%2F5999247618187860001%3Falt%3Drss%26kind%3Dphoto%26authkey%3DGv1sRgCJTx9KuIsret4gE%26hl%3Des\" pluginspage=\"http:\/\/www.macromedia.com\/go\/getflashplayer\" \/><\/object><\/p>\n","protected":false},"excerpt":{"rendered":"<p>El Colegio P\u00fablico \u201cUrraca Reina\u201d de Artajona est\u00e1 ubicado en un pueblo de 1.700 habitantes a treinta kil\u00f3metros de la capital (Pamplona). Su direcci\u00f3n es Avenida constituci\u00f3n, n\u00ba 6 Casi la totalidad de la poblaci\u00f3n vive en viviendas unifamiliares, encontr\u00e1ndose tambi\u00e9n bloques de pisos y algunos chalets diseminados. Las viviendas de los ni\u00f1os m\u00e1s lejanos &hellip; <\/p>\n<p><a class=\"more-link btn\" href=\"https:\/\/cpartajona.educacion.navarra.es\/web\/informacion-general\/descripcion-del-centro\/\">Continue reading<\/a><\/p>\n","protected":false},"author":1,"featured_media":0,"parent":35,"menu_order":0,"comment_status":"open","ping_status":"open","template":"","meta":[],"_links":{"self":[{"href":"https:\/\/cpartajona.educacion.navarra.es\/web\/wp-json\/wp\/v2\/pages\/406"}],"collection":[{"href":"https:\/\/cpartajona.educacion.navarra.es\/web\/wp-json\/wp\/v2\/pages"}],"about":[{"href":"https:\/\/cpartajona.educacion.navarra.es\/web\/wp-json\/wp\/v2\/types\/page"}],"author":[{"embeddable":true,"href":"https:\/\/cpartajona.educacion.navarra.es\/web\/wp-json\/wp\/v2\/users\/1"}],"replies":[{"embeddable":true,"href":"https:\/\/cpartajona.educacion.navarra.es\/web\/wp-json\/wp\/v2\/comments?post=406"}],"version-history":[{"count":9,"href":"https:\/\/cpartajona.educacion.navarra.es\/web\/wp-json\/wp\/v2\/pages\/406\/revisions"}],"predecessor-version":[{"id":3504,"href":"https:\/\/cpartajona.educacion.navarra.es\/web\/wp-json\/wp\/v2\/pages\/406\/revisions\/3504"}],"up":[{"embeddable":true,"href":"https:\/\/cpartajona.educacion.navarra.es\/web\/wp-json\/wp\/v2\/pages\/35"}],"wp:attachment":[{"href":"https:\/\/cpartajona.educacion.navarra.es\/web\/wp-json\/wp\/v2\/media?parent=406"}],"curies":[{"name":"wp","href":"https:\/\/api.w.org\/{rel}","templated":true}]}}

DESCRIPCIÓN DEL CENTRO

<p>El Colegio Público “Urraca Reina” de Artajona está ubicado en un pueblo de <strong>1.700 habitantes</strong> a treinta kilómetros de la capital (Pamplona).</p>
<p>Su dirección es Avenida constitución, nº 6</p>
<p>Casi la totalidad de la población vive en <strong>viviendas unifamiliares</strong>, encontrándose también bloques de pisos y algunos chalets diseminados. Las viviendas de los niños más lejanos se encuentran a una distancia de unos 800 m. por lo que el trayecto se realiza a pie o en vehículo propio y <strong>no existe, por tanto, transporte escolar. </strong></p>
<p>Es un centro público, dependiente del Gobierno de Navarra que acoge los niveles de <strong>2º ciclo de</strong> <strong>Educación Infantil y Primaria (3-12 años)</strong>.</p>
<p>En el centro, en el curso vigente, hay <strong>125 alumnos</strong> que son atendidos en <strong>9 aulas</strong>. Por tanto, la ratio es de 14 alumnos por aula. Se distribuyen por <strong>niveles</strong> desde 1º de E. Infantil a 6ª de Primaria, cada uno con su profesor/a tutor/a. En los cursos donde se ha implantado el PAI, existen las cotutorías.</p>
<p><a href="http://cpartajona.educacion.navarra.es/web/wp-content/uploads/2014/04/2014-03-13-15.56.51.jpg"><img loading="lazy" class="alignnone size-medium wp-image-412" src="http://cpartajona.educacion.navarra.es/web/wp-content/uploads/2014/04/2014-03-13-15.56.51-300x225.jpg" alt="OLYMPUS DIGITAL CAMERA" width="300" height="225" srcset="https://cpartajona.educacion.navarra.es/web/wp-content/uploads/2014/04/2014-03-13-15.56.51-300x225.jpg 300w, https://cpartajona.educacion.navarra.es/web/wp-content/uploads/2014/04/2014-03-13-15.56.51-1024x768.jpg 1024w" sizes="(max-width: 300px) 100vw, 300px" /></a></p>
<p>.<strong>Instalaciones:</strong></p>
<p>4 AULAS DE EDUCACIÓN INFANTIL: se dispone de juegos para el desarrollo de las capacidades que en dicha etapa se plantean. Tres de ellas se utilizan para el desarrollo de las clases y la más grande es multiusos (fisioterapia, talleres, charlas…)<br />
6 AULAS DE EDUCACIÓN PRIMARIA: están equipadas con materiales apropiados a su nivel y características. Se dispone de pizarra digital en 4 de ellas.<br />
AULA DE MÚSICA Y TALLER: una misma aula dividida con un biombo. En el aula de música hay pizarra digital. Hay un horario de utilización para el tiempo que no hay clase de música. El taller dispone de tres tableros grandes para trabajar en actividades artísticas.<br />
SALA DE INFORMÁTICA: está equipada con 11 ordenadores nuevos y 5 antiguos. Hay un horario de utilización.<br />
BIBLIOTECA: Se han dispuesto los materiales (libros, estanterías, alfombra…) por rincones, colocando mesas y sillas para los posibles trabajos en equipos, intentando darle un sentido distendido y acogedor para que los alumnos fomenten el gusto por la lectura.<br />
El resto de los libros están colocados en estanterías, ordenadas por temas. Se ha elaborado un horario para que cada curso acuda como mínimo una vez a la semana (sesión de lectura).<br />
Fuera de los horarios de biblioteca se utiliza como Aula de Vídeo y DVD.<br />
AULA DE INGLÉS y AULA DE EUSKERA: en ellas están instalados los materiales y medios que frecuentemente se utilizan para el aprendizaje del idioma: un cañón, equipo de música, murales&#8230;<br />
EL GIMNASIO: es amplio, de madera, con espalderas, cuerdas de trepas, y otro tipo de aparatos que se requieren para la clase de Educación Física. El resto de los materiales están organizados y guardados en un cuarto contiguo.<br />
Debido a la amplitud de dicha sala, la mayoría de las actividades que realizamos conjuntamente en la escuela (celebración de carnaval, etc.) se llevan a cabo allí. También actividades planificadas por la APYMA o Ayuntamiento: teatros, gimnasia, baile, yoga…<br />
LOS PATIOS: el colegio disfruta de unos patios amplios, y bien distribuidos que invitan al recreo y juego de los alumnos. Están repartidos por zonas: Infantil y Primaria.<br />
La zona dedicada a Primaria está repartida en dos campos para la práctica del deporte, de tal manera que los alumnos tienen un calendario semanal para que puedan disfrutar todos los cursos de dichos campos. Existen también dos porches que en los días de lluvia permite salir al exterior.<br />
DESPACHOS: en la parte de la entrada del edificio se encuentra el despacho del director, despacho de profesores, secretaría, cuarto del material y tres clases que utilizan las profesoras de apoyo y la logopeda.<a href="http://cpartajona.educacion.navarra.es/web/wp-content/uploads/2014/04/2014-03-13-15.59.03.jpg"><br />
</a></p>
<p><a href="http://cpartajona.educacion.navarra.es/web/wp-content/uploads/2014/04/2014-03-13-16.04.24-1600x1200.jpg"><img loading="lazy" class="alignnone size-medium wp-image-433" src="http://cpartajona.educacion.navarra.es/web/wp-content/uploads/2014/04/2014-03-13-16.04.24-1600x1200-300x225.jpg" alt="OLYMPUS DIGITAL CAMERA" width="300" height="225" srcset="https://cpartajona.educacion.navarra.es/web/wp-content/uploads/2014/04/2014-03-13-16.04.24-1600x1200-300x225.jpg 300w, https://cpartajona.educacion.navarra.es/web/wp-content/uploads/2014/04/2014-03-13-16.04.24-1600x1200.jpg 800w" sizes="(max-width: 300px) 100vw, 300px" /></a></p>
<h4></h4>
<p><strong>Recursos humanos</strong></p>
<p>En la actualidad el profesorado que consta en el Centro es el siguiente:</p>
<p>2 Maestras Educación Infantil castellano<br />
2 Maestras educación Infantil PAI<br />
6 Maestros Educación Primaria castellano<br />
2 Maestras Educación Primaria PAI<br />
1 Especialista de E. Física<br />
1 Especialista de euskera<br />
1 Especialista de pedagogía terapéutica<br />
1 Especialista de Religión<br />
1 Orientadora (Pertenece al IES de Tafalla)<br />
1 Especialista de música , itinera a CP Larraga<br />
1 Especialista en ALconperfil  C1euskera<a href="http://cpartajona.educacion.navarra.es/web/wp-content/uploads/2014/04/2014-03-13-16.11.29-1600x1200.jpg"><img loading="lazy" class="wp-image-415 aligncenter" src="http://cpartajona.educacion.navarra.es/web/wp-content/uploads/2014/04/2014-03-13-16.11.29-1600x1200-300x225.jpg" alt="OLYMPUS DIGITAL CAMERA" width="180" height="135" srcset="https://cpartajona.educacion.navarra.es/web/wp-content/uploads/2014/04/2014-03-13-16.11.29-1600x1200-300x225.jpg 300w, https://cpartajona.educacion.navarra.es/web/wp-content/uploads/2014/04/2014-03-13-16.11.29-1600x1200.jpg 800w" sizes="(max-width: 180px) 100vw, 180px" /></a><br />
La lengua usual de comunicación es el castellano. En este centro está implantado desde el curso 95-96 el Modelo A (Euskera como asignatura) y desde el año 2012/2013 es un centro PAI.</p>
<p>En conclusión, la escuela dispone de espacios que podrían utilizarse para otras actividades de ocio educativo tuteladas por los propios profesores que están acostumbrados al uso de estas instalaciones y material.</p>
<p><a href="http://cpartajona.educacion.navarra.es/web/wp-content/uploads/2014/04/2014-03-13-16.40.10-1600x1200.jpg"><img loading="lazy" class="alignnone wp-image-416" src="http://cpartajona.educacion.navarra.es/web/wp-content/uploads/2014/04/2014-03-13-16.40.10-1600x1200-300x225.jpg" alt="OLYMPUS DIGITAL CAMERA" width="180" height="135" srcset="https://cpartajona.educacion.navarra.es/web/wp-content/uploads/2014/04/2014-03-13-16.40.10-1600x1200-300x225.jpg 300w, https://cpartajona.educacion.navarra.es/web/wp-content/uploads/2014/04/2014-03-13-16.40.10-1600x1200.jpg 800w" sizes="(max-width: 180px) 100vw, 180px" /></a></p>
<p><object width="288" height="192" classid="clsid:d27cdb6e-ae6d-11cf-96b8-444553540000" codebase="http://download.macromedia.com/pub/shockwave/cabs/flash/swflash.cab#version=6,0,40,0"><param name="src" value="https://photos.gstatic.com/media/slideshow.swf" /><param name="flashvars" value="host=picasaweb.google.com&amp;hl=es&amp;feat=flashalbum&amp;RGB=0x000000&amp;feed=https%3A%2F%2Fpicasaweb.google.com%2Fdata%2Ffeed%2Fapi%2Fuser%2F112367023481223762967%2Falbumid%2F5999247618187860001%3Falt%3Drss%26kind%3Dphoto%26authkey%3DGv1sRgCJTx9KuIsret4gE%26hl%3Des" /><param name="pluginspage" value="http://www.macromedia.com/go/getflashplayer" /><embed width="288" height="192" type="application/x-shockwave-flash" src="https://photos.gstatic.com/media/slideshow.swf" flashvars="host=picasaweb.google.com&amp;hl=es&amp;feat=flashalbum&amp;RGB=0x000000&amp;feed=https%3A%2F%2Fpicasaweb.google.com%2Fdata%2Ffeed%2Fapi%2Fuser%2F112367023481223762967%2Falbumid%2F5999247618187860001%3Falt%3Drss%26kind%3Dphoto%26authkey%3DGv1sRgCJTx9KuIsret4gE%26hl%3Des" pluginspage="http://www.macromedia.com/go/getflashplayer" /></object></p>

<p>El Colegio Público “Urraca Reina” de Artajona está ubicado en un pueblo de 1.700 habitantes a treinta kilómetros de la capital (Pamplona). Su dirección es Avenida constitución, nº 6 Casi la totalidad de la población vive en viviendas unifamiliares, encontrándose también bloques de pisos y algunos chalets diseminados. Las viviendas de los niños más lejanos &hellip; </p>
<p><a class="more-link btn" href="https://cpartajona.educacion.navarra.es/web/informacion-general/descripcion-del-centro/">Continue reading</a></p>
